(-9 + 13 + -6). Let p = f + 169. List the prime factors of p.
3, 59
Let v = 32 - -29. Let f = 8 + -6. Let m = v + f. What are the prime factors of m?
3, 7
Suppose -3*o - 15 - 33 = 0. Suppose 38*w - 45*w = -175. Let j = w + o. List the prime factors of j.
3
Let f(l) be the second derivative of -l**4/12 + 25*l**3/6 + 17*l**2/2 + 17*l. List the prime factors of f(21).
101
Suppose 0 = -2*u + 17 - 31. Let a(d) = d + 11. Let i(z) = -2*z - 22. Let w(t) = -5*a(t) - 3*i(t). What are the prime factors of w(u)?
2
Let c(y) = -3*y**3 - 10*y**2 + 3*y + 7. Let h(d) = 4*d**3 + 11*d**2 - 3*d - 8. Let l(q) = 7*c(q) + 6*h(q). What are the prime factors of l(2)?
3, 5
What are the prime factors of (-24)/(-18) + 5/((-45)/(-4389))?
3, 163
Let k be (348/(-30))/(4/30*-3). Let r = k + 106. What are the prime factors of r?
3, 5
Suppose 5*j + 99 = -4*l, j + 96 = -4*l - 3*j. What are the prime factors of (-483)/l*(4 + 0)?
2, 23
Let b(d) = 3*d + 8*d - d**3 + 9*d - 7*d + 10*d**2 - 12. Let i be b(11). Suppose i = 3*o - 44. What are the prime factors of o?
2, 3
Suppose z + 28 - 33 = 0. Let r = 23 - z. List the prime factors of r.
2, 3
Suppose -24 = c + 4*s + 4, 5*c + 3*s = -140. Suppose 176 = 10*u - 6*u. Let m = u + c. What are the prime factors of m?
2
Suppose -8*a = 3*m - 3*a + 2422, 5*a = 3*m + 2462. Let h be 20/(-30) + m/(-6). Suppose 5*c - 2*c - h = 0. List the prime factors of c.
3, 5
Let z(o) = 187*o + 179 - 92*o - 97*o. What are the prime factors of z(0)?
179
Suppose 2*h = -4*v + 16, -v - h = -2*h - 4. Suppose -5*b = -3*b - v. What are the prime factors of -2 - (-24 - 0/b)?
2, 11
Let o(m) = -5*m + 9. Let a(z) = 6*z - 8. Let r(i) = 2*a(i) + 3*o(i). What are the prime factors of r(-8)?
5, 7
Let f(h) = h**3 + 10*h**2 - 9*h - 20. Let k(r) = -3*r**2 - 8*r - 7. Let a be k(-3). Let t be f(a). Let u = t + -48. What are the prime factors of u?
2, 11
Let n(h) = 16*h - 11. Let y be n(7). Suppose 0 = 3*k + 4*s - 109, 3*k + 4*s = 8*s + y. List the prime factors of k.
5, 7
Let p(i) = 10*i**2 - 14*i + 32. Let r be p(8). Let d = -33 - -3. List the prime factors of ((-6)/4)/(d/r).
2, 7
Let z be -5 + -180 - (-1)/(-1). Let v be (-6)/(-42) - z/21. Suppose 4*g - v*g = -180. What are the prime factors of g?
2, 3
Let i(t) = -t**3 - 3*t**2 - 5*t + 3. Let n be i(-4). Let k = n - 27. Let o = k - 7. What are the prime factors of o?
5
Let k be 38/14 - 52/(-182). Suppose -7 = -2*t - 3*t + 2*z, -5*t = 4*z - 31. Suppose -a - 4*g + k = -15, -5*g + 33 = t*a. What are the prime factors of a?
2, 3
List the prime factors of (-1)/(-6) - (-1004996)/1032.
2, 487
Let h = -156 - -268. Suppose -a = -5*a + h. List the prime factors of a.
2, 7
Suppose 20*x = -4*x + 13368. List the prime factors of x.
557
Let k = -594 - -1150. What are the prime factors of k?
2, 139
Let n be ((-31)/(-3) + 3)*3. Suppose -4*s - s = n. What are the prime factors of (15/20)/((-3)/s)?
2
Suppose -3*v + 4 = w - 16, v = -3*w + 12. Suppose i + v*i = 721. What are the prime factors of i?
103
Let b = -364 - -199. Let o = b - -367. List the prime factors of o.
2, 101
Let l(c) = -c**3 + 6*c**2 + 7*c - 10. Let w be l(4). Let g = -33 + w. What are the prime factors of g?
17
Suppose -49*a = -52*a + 21. Let b = 72 - a. What are the prime factors of b?
5, 13
Suppose 6*a = -2*a + 4064. List the prime factors of a.
2, 127
What are the prime factors of 166666/167 - (-2)/(4/(-14))?
991
Let o(q) = -43*q**3 + q**2 + 7*q - 1. Let b(y) = 16*y + 2*y**2 - 5*y - 12 + 10 - 65*y**3. Let r(u) = -5*b(u) + 8*o(u). What are the prime factors of r(-1)?
2, 3
Let n(b) = 96*b + 5. Let p be n(3). Let t = -150 + p. What are the prime factors of t?
11, 13
Let m = 12 + -23. Let t be (m/(-4))/((-2)/8). Let h(s) = s**3 + 12*s**2 + 11*s + 11. What are the prime factors of h(t)?
11
Suppose 6*b - 883 = -241. What are the prime factors of b?
107
Let h be (-30)/20 + 1/2. List the prime factors of h*(0 + -2) + 95.
97
Let m(x) = 2*x - 49. Let v be m(0). Let r be (88/(-14))/(14/v). List the prime factors of (-2)/(-2) + r - 1.
2, 11
Let q = -5 - -17. Let u(h) = 2*h - 18. Let r be u(q). Suppose r = -3*o, 3*o = -x + 4*o + 16. List the prime factors of x.
2, 7
What are the prime factors of (-2)/6*6*1547/(-7)?
2, 13, 17
Suppose -228 = -0*r + 4*r. Let q = 119 + r. Suppose 2*d = -i + 62, i - q = -2*d + 2*i. List the prime factors of d.
31
Suppose 5*w + 2 = 12. List the prime factors of 4/(w - -2)*32.
2
Let x = -1344 + 2834. List the prime factors of x.
2, 5, 149
Let c = 17 - -114. Suppose 2*t + 109 = 3*u, 4*u - 4*t = 21 + c. Suppose 3*z - 53 = -5*w, 3*w + 0*z + 3*z = u. What are the prime factors of w?
2, 5
Let a = -3 - -3. Let s(n) = -n**2 - 16*n + 21. Let z be s(-17). Suppose -5*u + w + 2*w + 159 = a, -z*w = -4*u + 124. List the prime factors of u.
3, 11
Suppose 457 = -2*h + 1371. What are the prime factors of h?
457
Suppose 7*p = 12*p - 2450. List the prime factors of p.
2, 5, 7
Let b = 18 + -3. Let m be 9/b*9*5. Let x = m - 19. What are the prime factors of x?
2
Suppose 5*k = -0*k + 75. Suppose 19*f = k*f + 320. What are the prime factors of f?
2, 5
Suppose 0*w - 20 = -4*w. Suppose -w*i - 5*z + 405 = 0, 0 = -2*i + 7*i + z - 409. List the prime factors of i.
2, 41
Let t(r) = 4*r**2 - 2 + 0*r**3 - r + 3*r - r**3. Suppose 0 = -31*o + 25*o + 18. List the prime factors of t(o).
13
Suppose 26*v - 56996 = -758. List the prime factors of v.
3, 7, 103
Let c(g) = 27*g + 16. What are the prime factors of c(12)?
2, 5, 17
Let o = 199 - 326. Let b = o + 199. List the prime factors of b.
2, 3
Suppose 2*f - 52 = -2*f. Let s(m) = 6*m + 172. Let n be s(-28). Let j = f + n. List the prime factors of j.
17
Suppose -2*u - 8 = -4*u. Suppose 0 = 8*b - u*b - 168. What are the prime factors of b?
2, 3, 7
Suppose -5*p = -1022 - 1098. What are the prime factors of p?
2, 53
Let l = 26 - 17. Let v(o) = -o**2 + 15*o - 7. List the prime factors of v(l).
47
Suppose 0 = 77*z - 76*z + 139. Let y = z - -217. What are the prime factors of y?
2, 3, 13
Let o(l) = -6*l**2 + 366*l + 88. List the prime factors of o(52).
2, 181
Let j(v) = 5*v - 5. Let r be j(-9). Let g = r + 94. What are the prime factors of g?
2, 11
Let g(v) = -v**2 + 12*v + 13. Let a be (81/(-9))/(6/(-4)). Let w = a - -3. List the prime factors of g(w).
2, 5
Suppose -5*d - 332 = -2*q, 3*q - 4*d + 9*d - 473 = 0. What are the prime factors of q?
7, 23
Suppose 5*c - 9 - 1 = 0. Let o(f) = c + f + 25*f + 9*f. List the prime factors of o(2).
2, 3
List the prime factors of 126/27*23268/49.
2, 277
Let r(k) = k**2 - 13*k - 14. Let l be r(14). Suppose -10*v + 92 - 2 = l. What are the prime factors of v?
3
Suppose -4*b - 921 = -s, 3*s + 0*s = 3. What are the prime factors of 4/6 + b/(-6)?
3, 13
Suppose 23*n - 4806 - 8603 = 0. What are the prime factors of n?
11, 53
Let k(n) = -73*n + 19. List the prime factors of k(-2).
3, 5, 11
Suppose -12 = -0*y - 3*y. Suppose y*p = 2*f + 57 + 7, 2 = p - 4*f. Suppose -u - p = -46. What are the prime factors of u?
2, 7
Let f be (-18)/(-27) - 172/6. Let c be 8/f - (-492)/7. What are the prime factors of 1910/c + 4/(-14)?
3
Let x(j) = -20*j + 18 + 47*j + 34*j. List the prime factors of x(2).
2, 5, 7
Let t be 48*(3 - 18/8). Let d = t + -13. List the prime factors of d.
23
Let a(h) = 5*h + 56. Let d be a(-10). Suppose -3*b = -3, 435 = 3*s + 3*b - d*b. What are the prime factors of s?
2, 73
List the prime factors of (12/(-10))/((-6)/(-42105)*-7).
3, 401
Let w = -425 + 508. What are the prime factors of w?
83
Let b(y) = -5*y**3 - 4*y**2 - 5*y - 10. Let m be b(-5). Suppose -12*u + 17*u = m. List the prime factors of u.
2, 3
Let y(o) = o**2 + 12*o + 13. Let s be y(-10). What are the prime factors of 9/((3/(-3))/s)?
3, 7
Suppose 2*v = 7*g - 4*g + 1060, 4*v - 5*g = 2124. What are the prime factors of v?
2, 67
Let j be 1/(((-10)/(-90))/(1*-1)). What are the prime factors of (-3)/(-8)*(-12)/j*18?
3
Suppose 4*f + z + 27 = 4*z, 4*f + 2 = -2*z. Let g(r) = -3*r**3 - 5*r**2 - 2*r + 4. What are the prime factors of g(f)?
2, 23
Let v(q) = -5*q + 1. Let m(s) = -4*s + 1. Suppose -3 = 3*g + 3*p, 4*g - p + 20 = 1. Let h(x) = g*m(x) + 5*v(x). List the prime factors of h(-2).
19
Let j be ((-2)/4)/((-6)/144). List the prime factors of (76 - 1)*j/9.
2, 5
Suppose 0 = -2*l - l - 9. Let k be 1/l - 13/(-3). Suppose 3*i - k*r = 33, -55 = -3*i - 5*r + 5. What 